{"id":12,"date":"2023-11-07T19:34:03","date_gmt":"2023-11-07T19:34:03","guid":{"rendered":"http:\/\/www.klubmn.cz\/?page_id=12"},"modified":"2026-01-02T10:50:08","modified_gmt":"2026-01-02T10:50:08","slug":"seznam-clenu-klubu","status":"publish","type":"page","link":"https:\/\/www.klubmn.cz\/?page_id=12","title":{"rendered":"Seznam \u010dlen\u016f klubu"},"content":{"rendered":"<table width=\"1946\">\n<tbody>\n<tr>\n<td width=\"488\"><\/td>\n<td width=\"381\"><\/td>\n<td width=\"496\"><\/td>\n<td width=\"350\"><\/td>\n<td width=\"229\"><\/td>\n<\/tr>\n<tr>\n<td>B\u011bhal Ond\u0159ej<\/td>\n<td width=\"381\">Autosalon Prima TV<\/td>\n<td>Petrkl\u00ed\u010dov\u00e1 6, Praha 10, 106 00<\/td>\n<td>behal.autosalon@gmail.com<\/td>\n<td>724.224.493<\/td>\n<\/tr>\n<tr>\n<td>Benych Dalibor<\/td>\n<td width=\"381\">AutoSport.cz<\/td>\n<td>u Cihelny 320, 381 01, \u010cesk\u00fd Krumlov<\/td>\n<td width=\"350\"><a href=\"mailto:dalin@centrum.cz\">dalin@centrum.cz<\/a><\/td>\n<td>606.389.088<\/td>\n<\/tr>\n<tr>\n<td>Ber\u00e1nek Karel 1938<\/td>\n<td width=\"381\">AUTOmakers<\/td>\n<td>Na D\u00edlc\u00edch 37, 182 00 Praha 8<\/td>\n<td width=\"350\"><a href=\"mailto:beranek.presse@gmail.com\">beranek.presse@gmail.com<\/a><\/td>\n<td>603.470.915<\/td>\n<\/tr>\n<tr>\n<td>Bla\u017eek Jan<\/td>\n<td width=\"381\">Autoblogger.cz<\/td>\n<td>U kr\u010dsk\u00e9ho n\u00e1dra\u017e\u00ed 36, 140 00 Praha 4<\/td>\n<td width=\"350\"><a href=\"mailto:honza@autoblogger.cz\">honza@autoblogger.cz<\/a><\/td>\n<td>777.654.354<\/td>\n<\/tr>\n<tr>\n<td>Brej\u017eek Bohumil<\/td>\n<td width=\"381\"><\/td>\n<td><\/td>\n<td>b.brejzek@gmail.com<\/td>\n<td><\/td>\n<\/tr>\n<tr>\n<td>Busta Michal<\/td>\n<td width=\"381\">Business Car<\/td>\n<td>Novodvorsk\u00e1 167, Praha 4<\/td>\n<td width=\"350\"><a href=\"mailto:michal.busta@business-car.cz\">michal.busta@business-car.cz<\/a><\/td>\n<td>603\u00a0461\u00a0474<\/td>\n<\/tr>\n<tr>\n<td>\u010cejchan Jan 1952<\/td>\n<td width=\"381\">Motoxpress<\/td>\n<td>Nad Klikovkou 23, Praha 5, 150 00<\/td>\n<td width=\"350\"><a href=\"mailto:j.cejchan@volny.cz\">j.cejchan@volny.cz<\/a><\/td>\n<td>603.206.015<\/td>\n<\/tr>\n<tr>\n<td>D\u00edt\u011b Daniel<\/td>\n<td width=\"381\">Autosalon TV Prima<\/td>\n<td>Vichrova 1910, 289 22, Lys\u00e1 nad Labem<\/td>\n<td><a href=\"mailto:expertdanito@gmail.com\">expertdanito@gmail.com<\/a><\/td>\n<td>777.955.616<\/td>\n<\/tr>\n<tr>\n<td>Dittrich Luk\u00e1\u0161<\/td>\n<td width=\"381\">Automobil Revue<\/td>\n<td>Levsk\u00e9ho 3197, 143 00, Praha 4 Mod\u0159any<\/td>\n<td width=\"350\">lukas.dittrich.autoexpress@gmail.com<\/td>\n<td>728.834.071<\/td>\n<\/tr>\n<tr>\n<td>Dolej\u0161 Martin-new foto<\/td>\n<td width=\"381\">Sport motor News TV<\/td>\n<td>Frimlova 8, 155 00 Praha 5<\/td>\n<td width=\"350\"><a href=\"mailto:pabuk@seznam.cz\">pabuk@seznam.cz<\/a><\/td>\n<td>774.266.416<\/td>\n<\/tr>\n<tr>\n<td>Dolej\u0161 Vladim\u00edr 1958<\/td>\n<td width=\"381\">Sport motor News TV<\/td>\n<td>Toufarova 7, 155 00, Praha 5<\/td>\n<td>vladimir@dolejs.org<\/td>\n<td>603.580.980<\/td>\n<\/tr>\n<tr>\n<td>Dufek Petr 1956<\/td>\n<td width=\"381\">Sport-press<\/td>\n<td>Okrasn\u00e1 116, 103 00 Praha 10<\/td>\n<td width=\"350\"><a href=\"mailto:petr.dufek@sport-press.cz\">petr.dufek@sport-press.cz<\/a><\/td>\n<td>602.227.666<\/td>\n<\/tr>\n<tr>\n<td>Fiala Franti\u0161ek 1954<\/td>\n<td width=\"381\">Autosalon Prima TV<\/td>\n<td>Dukelsk\u00e9 n\u00e1m. 615, 263 01 Dob\u0159\u00ed\u0161<\/td>\n<td width=\"350\"><a href=\"mailto:fiala.dr@seznam.cz\">fiala.dr@seznam.cz<\/a><\/td>\n<td>733.777.883<\/td>\n<\/tr>\n<tr>\n<td>Fiala Ji\u0159\u00ed 1953<\/td>\n<td width=\"381\">nez\u00e1visl\u00fd<\/td>\n<td>Lu\u017e\u00e1neck\u00e1 10, 602 00 Brno<\/td>\n<td width=\"350\"><a href=\"mailto:autorama@volny.cz\">autorama@volny.cz<\/a><\/td>\n<td>604\u00a0298\u00a0210<\/td>\n<\/tr>\n<tr>\n<td>Fitz Petr<\/td>\n<td width=\"381\">voln\u00fd novin\u00e1\u0159<\/td>\n<td>Kv\u011btn\u00e1 27, 130 00 Praha 3<\/td>\n<td width=\"350\"><a href=\"mailto:petr.fitz@seznam.cz\">petr.fitz@seznam.cz<\/a><\/td>\n<td>602.377.815<\/td>\n<\/tr>\n<tr>\n<td>Form\u00e1nek Vojt\u011bch<\/td>\n<td>voln\u00fd novin\u00e1\u0159<\/td>\n<td><\/td>\n<td>vojtech.formanek@gmail.com<\/td>\n<td>777.760.685<\/td>\n<\/tr>\n<tr>\n<td>Fron\u011bk Jan<\/td>\n<td width=\"381\">Rally-Mania.cz, Auto Tip<\/td>\n<td>M\u00edrov\u00e1 1012, 383 01 Prachatice<\/td>\n<td width=\"350\"><a href=\"mailto:jan.fronek@cmail.cz\">jan.fronek@cmail.cz<\/a><\/td>\n<td>777.053.251<\/td>\n<\/tr>\n<tr>\n<td>Fryje Ji\u0159\u00ed 1955<\/td>\n<td width=\"381\">eWRC (nez\u00e1visl\u00fd)<\/td>\n<td>Ho\u0161t\u00e1lkova 2, Praha 6, 169 00<\/td>\n<td width=\"350\"><a href=\"mailto:jfryje@centrum.cz\">jfryje@centrum.cz<\/a><\/td>\n<td>606.824.404<\/td>\n<\/tr>\n<tr>\n<td>Fr\u00fdba Petr<\/td>\n<td width=\"381\">Motor Sport Magaz\u00edn<\/td>\n<td>Hodon\u00ednsk\u00e1 59, 323 00 Plze\u0148<\/td>\n<td width=\"350\"><a href=\"mailto:pfryba@volny.cz\">frybapetr@gmail.com<\/a><\/td>\n<td>603.254.990<\/td>\n<\/tr>\n<tr>\n<td>Gabriel Petr<\/td>\n<td width=\"381\">BPA (nez\u00e1visl\u00fd)<\/td>\n<td>Bosono\u017esk\u00e9 n\u00e1m. 51, 642 00 Brno<\/td>\n<td width=\"350\"><a href=\"mailto:petr.gabriel@volny.cz\">petr.gabriel@volny.cz<\/a><\/td>\n<td>737.062.452<\/td>\n<\/tr>\n<tr>\n<td>Handl Erich<\/td>\n<td width=\"381\">AUTOmakers, T\u00fdden\u00edk Euro<\/td>\n<td>Kazim\u00edorova 7, Praha, 149 00<\/td>\n<td width=\"350\"><a href=\"mailto:handl@automakers.cz\">handl@automakers.cz<\/a><\/td>\n<td>604.200.777<\/td>\n<\/tr>\n<tr>\n<td>H\u00e1jek Ji\u0159\u00ed &#8211; duf. 1951<\/td>\n<td width=\"381\">Sport-Press, spol. s.r.o.<\/td>\n<td>Okrasn\u00e1 116, 103 00 Praha 10<\/td>\n<td>jiri.hajek@sokratesmedia.cz<\/td>\n<td>723.087.794<\/td>\n<\/tr>\n<tr>\n<td>H\u00e1jek Ji\u0159\u00ed<\/td>\n<td width=\"381\">Auto-Fresh.cz<\/td>\n<td>Hornom\u011bcholupsk\u00e1 690\/156, 10900 Praha 15<\/td>\n<td>jiri.hajek@auto-fresh.cz<\/td>\n<td>777.845.005<\/td>\n<\/tr>\n<tr>\n<td>H\u00e1jek Miroslav 1950<\/td>\n<td width=\"381\"><\/td>\n<td><\/td>\n<td>mirhajek@atlas.cz<\/td>\n<td>602.818.743<\/td>\n<\/tr>\n<tr>\n<td>H\u00e1jek Petr &#8211; duf.<\/td>\n<td width=\"381\">Sport-Press, spol. s.r.o.<\/td>\n<td>Okrasn\u00e1 116, 103 00 Praha 10<\/td>\n<td width=\"350\">petr.hajek@sport-press.cz;<\/td>\n<td>777.062.488<\/td>\n<\/tr>\n<tr>\n<td>Herbich Richard<\/td>\n<td>voln\u00fd novin\u00e1\u0159<\/td>\n<td>Milevsk\u00e1 26, 140 00 Praha 4<\/td>\n<td width=\"350\">rherbich@stratosfera.cz<\/td>\n<td>604.796.526<\/td>\n<\/tr>\n<tr>\n<td>Hrn\u010d\u00ed\u0159 Tom\u00e1\u0161, PhDr.1955<\/td>\n<td width=\"381\">voln\u00fd novin\u00e1\u0159<\/td>\n<td>Dr. Zikmunda Wintra 834\/10, 160 00 Praha 6<\/td>\n<td>t.hrncir@email.cz<\/td>\n<td>602.321.122<\/td>\n<\/tr>\n<tr>\n<td>Hyan Tom\u00e1\u0161 1950<\/td>\n<td width=\"381\">Automobil Revue<\/td>\n<td>N\u00e1dra\u017en\u00ed 32, 150 00 Praha 5<\/td>\n<td>tom.hyan@caroftheyear.cz;<\/td>\n<td>603.725.139<\/td>\n<\/tr>\n<tr>\n<td>Chv\u00e1la Marek<\/td>\n<td width=\"381\">Sport-Press<\/td>\n<td>Okrasn\u00e1 116,103 00 Praha 10<\/td>\n<td width=\"350\"><a href=\"mailto:marek.chvala@sport-press.cz\">marek.chvala@sport-press.cz<\/a><\/td>\n<td>602.308.825<\/td>\n<\/tr>\n<tr>\n<td>Jaro\u0161 Martin<\/td>\n<td width=\"381\">Ewing (PR agentura)<\/td>\n<td>Krupsk\u00e1 22, 100 00, Praha 1<\/td>\n<td width=\"350\"><a href=\"mailto:jaros.martin@gmail.com\">jaros.martin@gmail.com<\/a><\/td>\n<td>777.654.357<\/td>\n<\/tr>\n<tr>\n<td>Jungmann Ale\u0161<\/td>\n<td>Auto motor a sport<\/td>\n<td>U kr\u010dsk\u00e9ho n\u00e1dra\u017e\u00ed 36, 140 00 Praha 4<\/td>\n<td>AlesJungmann@seznam.cz<\/td>\n<td>724.769.409<\/td>\n<\/tr>\n<tr>\n<td>K\u00e1\u0148a Leo\u0161<\/td>\n<td width=\"381\">Sv\u011bt motor\u016f<\/td>\n<td>Komunard\u016f 42, Praha 7<\/td>\n<td width=\"350\"><a href=\"mailto:leos.kana@cncenter.cz\">leos.kana@cncenter.cz<\/a><\/td>\n<td>728.668.013<\/td>\n<\/tr>\n<tr>\n<td>Krenar Ji\u0159\u00ed 1953<\/td>\n<td width=\"381\">Doprava a silnice<\/td>\n<td>N\u00e1dra\u017en\u00ed\u00a0 32, 150 00 praha 5<\/td>\n<td width=\"350\"><a href=\"mailto:jiri.krenar@bmczech.cz\">jiri.krenar@bmczech.cz<\/a><\/td>\n<td>606.608.088<\/td>\n<\/tr>\n<tr>\n<td>Krch Michal<\/td>\n<td width=\"381\">Rally. Mikr.wz.cz<\/td>\n<td>Venu\u0161ina 1335\/330, Praha 10, 104 00<\/td>\n<td width=\"350\"><a href=\"mailto:krchm@seznam.cz\">krchm@seznam.cz<\/a><\/td>\n<td>604.854.299<\/td>\n<\/tr>\n<tr>\n<td>Kudela Michael<\/td>\n<td width=\"381\">voln\u00fd novin\u00e1\u0159<\/td>\n<td>U kr\u010dsk\u00e9ho n\u00e1dra\u017e\u00ed 36, 140 00 Praha 4<\/td>\n<td>kudela.michael@gmail.com<\/td>\n<td>777.663.118<\/td>\n<\/tr>\n<tr>\n<td>Kvartek Jan 1956<\/td>\n<td width=\"381\">Hasi\u010d\u00e1rna<\/td>\n<td>U kr\u010dsk\u00e9ho n\u00e1dra\u017e\u00ed 36, 140 00 Praha 4<\/td>\n<td>kvartek@medialight.cz<\/td>\n<td>777.654.352<\/td>\n<\/tr>\n<tr>\n<td>L\u00f6bl Vladim\u00edr<\/td>\n<td width=\"381\">Auto motor a sport<\/td>\n<td>U kr\u010dsk\u00e9ho n\u00e1dra\u017e\u00ed 36, 140 00 Praha 4<\/td>\n<td>lobl@mf.cz<\/td>\n<td>737\u00a0980\u00a0587<\/td>\n<\/tr>\n<tr>\n<td>Majurn\u00edk Jan<\/td>\n<td width=\"381\">iSUV, AutoECO.cz, SUV magaz\u00edn &#8211; vadav. OffRoad Media s.r.o.<\/td>\n<td>Such\u00e1 48 &#8211; u Nechanic, 503 15<\/td>\n<td>jmajurnik@gmail.com<\/td>\n<td>777.314.085<\/td>\n<\/tr>\n<tr>\n<td>Mar\u0161\u00ed\u010dek Ji\u0159\u00ed 1949<\/td>\n<td width=\"381\">Automobil revue<\/td>\n<td>Bene\u0161ovsk\u00e1 137, 257 01 Postupice<\/td>\n<td width=\"350\"><a href=\"mailto:jiri@marsicek.net\">jiri@marsicek.net<\/a><\/td>\n<td>603.100.243<\/td>\n<\/tr>\n<tr>\n<td>Mar\u0161\u00ed\u010dek Richard<\/td>\n<td width=\"381\">BPA, internet<\/td>\n<td>Bene\u0161ovsk\u00e1 137, 257 01 Postupice<\/td>\n<td width=\"350\"><a href=\"mailto:richard.james.marsicek@gmail.com\">richard.james.marsicek@gmail.com; marsicekracing@gmail.com;\u00a0<\/a><\/td>\n<td>608.544.885<\/td>\n<\/tr>\n<tr>\n<td>N\u011bmec Miroslav 1946<\/td>\n<td>voln\u00fd novin\u00e1\u0159<\/td>\n<td>Pod koupali\u0161t\u011bm 720, 293 06 Kosmonosy<\/td>\n<td width=\"350\"><a href=\"mailto:niemecz@gmail.com\">niemecz@gmail.com<\/a><\/td>\n<td><\/td>\n<\/tr>\n<tr>\n<td>Nezda\u0159il Ji\u0159\u00ed junior<\/td>\n<td>TH Auto, ceskeokruhy.cz, Sv\u011bt motor\u016f, Automobil Revue<\/td>\n<td>Bli\u0161ice 126, 768 05, Kory\u010dany<\/td>\n<td width=\"350\">nezdaril.jr.automax@email.cz<\/td>\n<td>724.747.226<\/td>\n<\/tr>\n<tr>\n<td>Nezda\u0159il Ji\u0159\u00ed senior<\/td>\n<td>TH Auto, ceskeokruhy.cz, Sv\u011bt motor\u016f, Automobil Revue<\/td>\n<td>Bli\u0161ice 126, 768 05, Kory\u010dany<\/td>\n<td width=\"350\">nezdaril.automax@email.cz<\/td>\n<td>724.023.243<\/td>\n<\/tr>\n<tr>\n<td>Plach\u00fd Tom\u00e1\u0161<\/td>\n<td width=\"381\">Rally<\/td>\n<td>Alitron CZ, s.r.o., Kot\u011brova 5543, 760 01 Zl\u00edn<\/td>\n<td width=\"350\"><a href=\"mailto:redakce@rally.cz\">topmedia@seznam.cz<\/a><\/td>\n<td>724.050.188<\/td>\n<\/tr>\n<tr>\n<td>Pol\u00e1\u010dek Roman<\/td>\n<td width=\"381\">nez\u00e1visl\u00fd novin\u00e1\u0159<\/td>\n<td>Budim\u011b\u0159ice 147, 288 02 nebo Baranova 24, 130 00 Pha 3<\/td>\n<td>autopolacek.roman@seznam.cz<\/td>\n<td>603.523.240<\/td>\n<\/tr>\n<tr>\n<td>P\u0159ibyl Martin<\/td>\n<td>voln\u00fd novin\u00e1\u0159, AMI Comucations<\/td>\n<td>Ko\u0159ensk\u00e9ho 478, 272 04 Kladno<\/td>\n<td><a href=\"mailto:pribyl@motorpresse.cz\">martinpribyl@gmail.com<\/a><\/td>\n<td>605.416.332<\/td>\n<\/tr>\n<tr>\n<td>Pudil Tom\u00e1\u0161 1948<\/td>\n<td>voln\u00fd novin\u00e1\u0159<\/td>\n<td>?????????????<\/td>\n<td width=\"350\"><a href=\"mailto:tpudil@email.cz\">tpudil@email.cz<\/a><\/td>\n<td>608.226.657<\/td>\n<\/tr>\n<tr>\n<td>Ro\u017e\u00e1nek Vladim\u00edr<\/td>\n<td width=\"381\">Car, E-Auto, E-Sport<\/td>\n<td>Jir\u00e1skova 7\/1148, 408 01 Rumburk<\/td>\n<td width=\"350\"><a href=\"mailto:Motorsport.VR@seznam.cz\">Motorsport.VR@seznam.cz<\/a><\/td>\n<td>737.627.007<\/td>\n<\/tr>\n<tr>\n<td>Russov\u00e1 Anna<\/td>\n<td><a href=\"http:\/\/www.auto-mania.cz\/\">www.auto-mania.cz<\/a><\/td>\n<td>V\u0159esovick\u00e1 6, 150 00, Praha 5<\/td>\n<td width=\"350\"><a href=\"mailto:anina@auto-mania.cz\">anina@auto-mania.cz<\/a><\/td>\n<td>608883286; 737 509 029<\/td>\n<\/tr>\n<tr>\n<td>Rychtera Mario<\/td>\n<td>Business Car<\/td>\n<td><\/td>\n<td>mario.rychtera@business-car.cz<\/td>\n<td>776.606.374<\/td>\n<\/tr>\n<tr>\n<td>\u0158\u00edha Jan<\/td>\n<td width=\"381\">Autosalon TV<\/td>\n<td>\u0160koln\u00ed 567, 250 73 P\u0159ezletice<\/td>\n<td>jan.riha@autosalon.tv; riha@or-media.eu<\/td>\n<td>724.162.235<\/td>\n<\/tr>\n<tr>\n<td>Schulmann Franti\u0161ek 1947<\/td>\n<td width=\"381\">Motorsport News (nez\u00e1visl\u00fd)<\/td>\n<td>Valentinsk\u00e1 3, 110 00 Praha 1<\/td>\n<td width=\"350\"><a href=\"mailto:schulmann@aksas.cz\">schulmann@aksas.cz<\/a><\/td>\n<td>602.328.330<\/td>\n<\/tr>\n<tr>\n<td>Skalick\u00fd Miroslav 1953<\/td>\n<td width=\"381\">\u0160kdoa Auto, Formule 1<\/td>\n<td>J. Palacha 1552, 530 02 Pardubice<\/td>\n<td width=\"350\"><a href=\"mailto:unimex@unimex-pce.cz\">unimex@unimex-pce.cz<\/a><\/td>\n<td>602.455.748<\/td>\n<\/tr>\n<tr>\n<td>Srp Pavel<\/td>\n<td width=\"381\">Auto-mania.cz<\/td>\n<td>Chaloupky 179, 267 62 okr. Beroun<\/td>\n<td width=\"350\"><a href=\"mailto:pavel@auto-mania.cz\">pavel@auto-mania.cz<\/a><\/td>\n<td>774.899.878<\/td>\n<\/tr>\n<tr>\n<td>Srpov\u00e1 Eva<\/td>\n<td width=\"381\">Aktu\u00e1ln\u011b.cz<\/td>\n<td>Prokopa Hol\u00e9ho 85, 272 01 Kladno<\/td>\n<td width=\"350\"><a href=\"mailto:srpova.eva@gmail.com\">eva.srpova@economia.cz<\/a><\/td>\n<td>775.614.975<\/td>\n<\/tr>\n<tr>\n<td>Stacha Jan<\/td>\n<td width=\"381\">Lidov\u00e9 noviny<\/td>\n<td>Rakovsk\u00e9ho 3165, Praha 12<\/td>\n<td width=\"350\"><a href=\"mailto:jstacha@seznam.cz\">jstacha@seznam.cz<\/a><\/td>\n<td>603.854.678<\/td>\n<\/tr>\n<tr>\n<td>Svoboda Jan-new foto<\/td>\n<td width=\"381\">Driversweb.cz<\/td>\n<td>V kruhu 12, 160 00 Praha 6<\/td>\n<td width=\"350\">svoboda@driversweb.cz<\/td>\n<td>605.758.006<\/td>\n<\/tr>\n<tr>\n<td>Svoboda Ji\u0159\u00ed<\/td>\n<td width=\"381\">Pressinfo<\/td>\n<td>Lounsk\u00fdch 5, 140 00 Praha 4<\/td>\n<td width=\"350\"><a href=\"mailto:autoweb@quick.cz\">autoweb@quick.cz<\/a><\/td>\n<td>602.382.461<\/td>\n<\/tr>\n<tr>\n<td>\u0160tajf Vojt\u011bch<\/td>\n<td width=\"381\">FORGOLF, Podnikatel, SeTk\u00e1n\u00ed<\/td>\n<td>Mis\u0159\u00ednsk\u00e1 393, 155 21 Praha 5<\/td>\n<td width=\"350\"><a href=\"mailto:vojta@stajf.cz\">vojta@stajf.cz<\/a><\/td>\n<td>602.228.768<\/td>\n<\/tr>\n<tr>\n<td>\u0160tengl Michal<\/td>\n<td width=\"381\">voln\u00fd novin\u00e1\u0159 &#8211; Aspen PR<\/td>\n<td>Bo\u017eeny N\u011bmcov\u00e9 708, 252 64 Velk\u00e9 P\u0159\u00edlepy<\/td>\n<td><a href=\"mailto:m.stengl@email.cz\">m.stengl@email.cz<\/a><\/td>\n<td>604.986.482<\/td>\n<\/tr>\n<tr>\n<td>\u0160idl\u00e1k Martin<\/td>\n<td width=\"381\">Flotila<\/td>\n<td><\/td>\n<td>martin.sidlak@e-flotila.cz<\/td>\n<td>602.617.218<\/td>\n<\/tr>\n<tr>\n<td>\u0160vidrnoch Roman<\/td>\n<td width=\"381\">AAA Auto magaz\u00edn<\/td>\n<td>Pr\u00e1ce: K.Engli\u0161e 519\/11, 150 00 Praha 5, dom\u016f: Tm\u00e1\u0148 178, 267 21<\/td>\n<td>roman.svidrnoch@mfdnes.cz<\/td>\n<td>734 517 014<\/td>\n<\/tr>\n<tr>\n<td>Tom\u00ed\u0161ek Marek<\/td>\n<td width=\"381\">usporne.info; \u0161\u00e9fredaktor fdrive<\/td>\n<td>Dob\u0159ichov 247, 289 11, Pe\u010dky; Spojovac\u00ed 631, 267 01 Kr\u00e1l\u016fv Dv\u016fr<\/td>\n<td width=\"350\"><a href=\"mailto:marek@usporne.info\">marek@usporne.info<\/a><\/td>\n<td>723.739.130<\/td>\n<\/tr>\n<tr>\n<td>Tu\u010dek Jan 1953<\/td>\n<td width=\"381\">nez\u00e1visl\u00fd novin\u00e1\u0159<\/td>\n<td>Wolkerova 571, 250 82 \u00davaly<\/td>\n<td width=\"350\"><a href=\"mailto:tucekjan@hotmail.com\">tucekjan@hotmail.com<\/a><\/td>\n<td>731.172.196<\/td>\n<\/tr>\n<tr>\n<td>Vahala Franti\u0161ek<\/td>\n<td>voln\u00fd novin\u00e1\u0159<\/td>\n<td>Lidick\u00e1 10,\u00a0 412 01 Litom\u011b\u0159ice<\/td>\n<td width=\"350\"><a href=\"mailto:pjansa@cro.cz\">frantisek@classicrallye.cz<\/a><\/td>\n<td>775.072.277<\/td>\n<\/tr>\n<tr>\n<td>Vaverka Luk\u00e1\u0161<\/td>\n<td>voln\u00fd novin\u00e1\u0159<\/td>\n<td>M\u011b\u0159i\u010dkova 41, 621 00 Brno<\/td>\n<td>lukas.vaverka@gmail.com<\/td>\n<td>777.142.235<\/td>\n<\/tr>\n<tr>\n<td>V\u00edt Jaroslav 1949<\/td>\n<td width=\"381\">\u010dasopis voln\u00fd novin\u00e1\u0159 d\u0159\u00edve:T\u00fdden+Instinkt<\/td>\n<td>Chodsk\u00e1 10, 120 00 Praha 2 &#8211; Vinohrady<\/td>\n<td width=\"350\"><a href=\"mailto:vit.jaroslav@seznam\">vit.jaroslav@seznam.cz<\/a><\/td>\n<td>724.014.827<\/td>\n<\/tr>\n<tr>\n<td>Vo\u0161ick\u00e1 Bur\u00e1\u0148ov\u00e1 Veronika<\/td>\n<td width=\"381\">Motorsv\u011bt.cz<\/td>\n<td>Dlouh\u00e1 Ves 140, P\u0159ibyslav, 582 22<\/td>\n<td>buranova@motorsvet.cz<\/td>\n<td>774.321.994<\/td>\n<\/tr>\n<tr>\n<td>Vrtal Radek<\/td>\n<td width=\"381\">Autosalon Prima TV<\/td>\n<td>Vichrova 1913, 289 22 Lys\u00e1 nad Labem<\/td>\n<td width=\"350\"><a href=\"mailto:radek.vrtal@unicornpictures.cz\">radek.vrtal@seznam.cz<\/a><\/td>\n<td>776.440.478<\/td>\n<\/tr>\n<tr>\n<td>Z\u00edta Ji\u0159\u00ed<\/td>\n<td width=\"381\">\u010cT<\/td>\n<td>Janovsk\u00e1 399, Praha 10 &#8211; Horn\u00ed M\u011bcholupy<\/td>\n<td width=\"350\">jiri.zita@seznam.cz<\/td>\n<td><\/td>\n<\/tr>\n<tr>\n<td>Devera Tom\u00e1\u0161<\/td>\n<td width=\"381\">Roadblog; www.roadblog.cz<\/td>\n<td>Freyova 983\/25, 190 00 Praha 9<\/td>\n<td><a href=\"mailto:tomas@roadblog.cz\">tomas@roadblog.cz<\/a><\/td>\n<td><\/td>\n<\/tr>\n<tr>\n<td>Krajsa Michal<\/td>\n<td width=\"381\">Medialight s.r.o<\/td>\n<td>Kosmatcova 514, 25084 Kv\u011btnice<\/td>\n<td><a href=\"mailto:michal.krajsa@gmail.com\">michal.krajsa@gmail.com<\/a><\/td>\n<td><\/td>\n<\/tr>\n<tr>\n<td>Kliment Jaroslav<\/td>\n<td width=\"381\">Medialight s.r.o<\/td>\n<td>B\u011blohorsk\u00e1 512\/191, 169 00 Praha 6<\/td>\n<td width=\"350\"><a href=\"mailto:jkliment@medialight.cz\">jkliment@medialight.cz<\/a><\/td>\n<td><\/td>\n<\/tr>\n<tr>\n<td>Hrub\u00fd Mikul\u00e1\u0161<\/td>\n<td width=\"381\">Medialight s.r.o<\/td>\n<td>B\u011blohorsk\u00e1 512\/191, 169 00 Praha 6<\/td>\n<td width=\"350\"><a href=\"mailto:hruby@medialight.cz\">hruby@medialight.cz<\/a><\/td>\n<td><\/td>\n<\/tr>\n<tr>\n<td>Kop\u00e1\u010dek Pavel<\/td>\n<td width=\"381\">Auto Motor a Sport Classic<\/td>\n<td>Mezi Vodami 1952\/9, 143 00 Praha 4<\/td>\n<td width=\"350\"><a href=\"mailto:pkfoto@seznam.cz\">pkfoto@seznam.cz\u00a0<\/a><\/td>\n<td><\/td>\n<\/tr>\n<tr>\n<td>Vol\u0161ick\u00fd Luk\u00e1\u0161<\/td>\n<td width=\"381\">Temple of Speed<\/td>\n<td>Jana Karafi\u00e1ta 178, 190 11 Praha<\/td>\n<td width=\"350\">lukas@templeofspeed.cz; volsicky@templeofspeed.cz; lukas.volsicky@mms.cz<\/td>\n<td><\/td>\n<\/tr>\n<tr>\n<td>B\u011bhal Robin<\/td>\n<td width=\"381\">Prima<\/td>\n<td>Petrkl\u00ed\u010dov\u00e1 6, 106 00 Praha 10<\/td>\n<td width=\"350\"><a href=\"mailto:robinbehal@icloud.com\">robinbehal@icloud.com;\u00a0robin.behal@autosalon.cz;\u00a0<\/a><\/td>\n<td><\/td>\n<\/tr>\n<tr>\n<td>B\u011bhal B\u00e1rt<\/td>\n<td width=\"381\">Prima<\/td>\n<td>Petrkl\u00ed\u010dov\u00e1 6, 106 00 Praha 10<\/td>\n<td width=\"350\"><a href=\"mailto:bartbehal99@gmail.com\">bartbehal99@gmail.com;\u00a0bart.behal@autosalon.cz\u00a0<\/a><\/td>\n<td><\/td>\n<\/tr>\n<tr>\n<td>Rube\u0161ov\u00e1 Michaela (M\u00ed\u0161a)<\/td>\n<td width=\"381\"><a href=\"mailto:rubesova.michaela@gmail.com\">autosalon.tv<\/a><\/td>\n<td>Eli\u0161ky P\u0159emyslovny 382 Praha Zbraslav 156 00<\/td>\n<td width=\"350\"><a href=\"mailto:rubesova.michaela@gmail.com\">rubesova.michaela@gmail.com<\/a><\/td>\n<td><\/td>\n<\/tr>\n<tr>\n<td>Jan Novotn\u00fd<\/td>\n<td width=\"381\">Motorvize.cz<\/td>\n<td>Kratochv\u00edlova 1748\/4, Praha 6 162 00<\/td>\n<td><a href=\"mailto:novotny@motorvize.cz\">novotny@motorvize.cz<\/a><\/td>\n<td><\/td>\n<\/tr>\n<tr>\n<td><\/td>\n<td width=\"381\"><\/td>\n<td><\/td>\n<td><\/td>\n<td><\/td>\n<\/tr>\n<\/tbody>\n<\/table>\n<p>&nbsp;<\/p>\n","protected":false},"excerpt":{"rendered":"<p>B\u011bhal Ond\u0159ej Autosalon Prima TV Petrkl\u00ed\u010dov\u00e1 6, Praha 10, 106 00 behal.autosalon@gmail.com 724.224.493 Benych Dalibor&#8230;<\/p>\n","protected":false},"author":1,"featured_media":0,"parent":0,"menu_order":0,"comment_status":"closed","ping_status":"closed","template":"","meta":{"footnotes":""},"class_list":["post-12","page","type-page","status-publish","hentry"],"_links":{"self":[{"href":"https:\/\/www.klubmn.cz\/index.php?rest_route=\/wp\/v2\/pages\/12","targetHints":{"allow":["GET"]}}],"collection":[{"href":"https:\/\/www.klubmn.cz\/index.php?rest_route=\/wp\/v2\/pages"}],"about":[{"href":"https:\/\/www.klubmn.cz\/index.php?rest_route=\/wp\/v2\/types\/page"}],"author":[{"embeddable":true,"href":"https:\/\/www.klubmn.cz\/index.php?rest_route=\/wp\/v2\/users\/1"}],"replies":[{"embeddable":true,"href":"https:\/\/www.klubmn.cz\/index.php?rest_route=%2Fwp%2Fv2%2Fcomments&post=12"}],"version-history":[{"count":13,"href":"https:\/\/www.klubmn.cz\/index.php?rest_route=\/wp\/v2\/pages\/12\/revisions"}],"predecessor-version":[{"id":1446,"href":"https:\/\/www.klubmn.cz\/index.php?rest_route=\/wp\/v2\/pages\/12\/revisions\/1446"}],"wp:attachment":[{"href":"https:\/\/www.klubmn.cz\/index.php?rest_route=%2Fwp%2Fv2%2Fmedia&parent=12"}],"curies":[{"name":"wp","href":"https:\/\/api.w.org\/{rel}","templated":true}]}}