{"id":42,"date":"2023-11-07T20:08:28","date_gmt":"2023-11-07T20:08:28","guid":{"rendered":"http:\/\/www.klubmn.cz\/?page_id=42"},"modified":"2023-11-28T08:54:28","modified_gmt":"2023-11-28T08:54:28","slug":"jak-se-stat-clenem","status":"publish","type":"page","link":"https:\/\/www.klubmn.cz\/?page_id=42","title":{"rendered":"Jak se st\u00e1t \u010dlenem"},"content":{"rendered":"<h3>Jak se st\u00e1t \u010dlenem?<\/h3>\n<p><strong>Jednodu\u0161e &#8211; p\u0159ihl\u00e1\u0161ka je k dispozici:-)<\/strong><\/p>\n<p>\u010clenem KMN se m\u016f\u017ee st\u00e1t ka\u017ed\u00fd novin\u00e1\u0159 aktivn\u011b se v\u011bnuj\u00edc\u00ed motorismu tak, \u017ee za\u0161le na adresu Klubuvypln\u011bnou \u017e\u00e1dost (<a href=\"https:\/\/www.kmn.cz\/files\/prihlaska.doc\">klinkut\u00edm na tento odkaz se v\u00e1m \u017e\u00e1dost st\u00e1hne ve form\u00e1tu .doc<\/a>) a fotografii a p\u0159ilo\u017e\u00ed p\u0159\u00edklady sv\u00e9 publika\u010dn\u00ed \u010dinnosti ne star\u0161\u00ed ne\u017e jeden rok.<\/p>\n<p>Podm\u00ednkou ud\u011blen\u00ed \u010dlenstv\u00ed je tak\u00e9 del\u0161\u00ed p\u016fsoben\u00ed v bran\u017ei (alespo\u0148 rok), co\u017e je vhodn\u00e9 dolo\u017eit, jinak to u m\u00e9n\u011b zn\u00e1m\u00fdch m\u00e9di\u00ed \u010di autor\u016f m\u016f\u017ee v\u00e9st k pochybnostem.<\/p>\n<p>Na z\u00e1klad\u011b p\u0159edlo\u017een\u00fdch informac\u00ed pak o \u010dlenstv\u00ed ka\u017ed\u00e9ho \u017eadatele rozhoduje v\u00fdbor KMN hlasov\u00e1n\u00edm.<\/p>\n<p><strong>Adresa k zas\u00edl\u00e1n\u00ed podklad\u016f:<\/strong><\/p>\n<p><strong>Klub motoristick\u00fdch novin\u00e1\u0159\u016f<\/strong><br \/>\nSenov\u00e1\u017en\u00e9 n\u00e1m\u011bst\u00ed 23<br \/>\nPraha 1<br \/>\nPS\u010c 110 00<\/p>\n<p>&nbsp;<\/p>\n<p><u>P\u0159ihl\u00e1\u0161ka do Klubu motoristick\u00fdch novin\u00e1\u0159\u016f<\/u><\/p>\n<p>Jm\u00e9no:\u00a0\u00a0\u00a0\u00a0\u00a0\u00a0\u00a0\u00a0 \u2026\u2026\u2026\u2026\u2026\u2026\u2026\u2026\u2026\u2026\u2026\u2026\u2026\u2026\u2026\u2026\u2026\u2026\u2026\u2026\u2026\u2026\u2026\u2026\u2026\u2026\u2026\u2026<\/p>\n<p>P\u0159\u00edjmen\u00ed: \u00a0\u00a0\u00a0\u00a0 \u2026\u2026\u2026\u2026\u2026\u2026\u2026\u2026\u2026\u2026\u2026\u2026\u2026\u2026\u2026\u2026\u2026\u2026\u2026\u2026\u2026\u2026\u2026\u2026\u2026\u2026\u2026\u2026<\/p>\n<p>Datum narozen\u00ed: \u2026\u2026\u2026\u2026\u2026\u2026\u2026\u2026\u2026\u2026\u2026\u2026\u2026\u2026\u2026\u2026\u2026\u2026\u2026\u2026\u2026\u2026\u2026\u2026\u2026\u2026\u2026\u2026<\/p>\n<p>Adresa, na kterou chci zas\u00edlat korespondenci<\/p>\n<p>\u2026\u2026\u2026\u2026\u2026\u2026\u2026\u2026\u2026\u2026\u2026\u2026\u2026\u2026\u2026\u2026\u2026\u2026\u2026\u2026\u2026\u2026\u2026\u2026\u2026\u2026\u2026\u2026<\/p>\n<p>\u2026\u2026\u2026\u2026\u2026\u2026\u2026\u2026\u2026\u2026\u2026\u2026\u2026\u2026\u2026\u2026\u2026\u2026\u2026PS\u010c\u2026.\u2026\u2026\u2026\u2026\u2026.<\/p>\n<p>E-mail:\u00a0\u00a0\u00a0\u00a0\u00a0\u00a0\u00a0\u00a0\u00a0 \u2026\u2026\u2026\u2026\u2026\u2026\u2026\u2026\u2026\u2026\u2026\u2026\u2026\u2026\u2026\u2026\u2026\u2026\u2026\u2026\u2026\u2026\u2026\u2026\u2026\u2026\u2026\u2026<\/p>\n<p>Telefon:\u00a0\u00a0\u00a0\u00a0\u00a0\u00a0\u00a0 \u2026\u2026\u2026\u2026\u2026\u2026\u2026\u2026\u2026\u2026\u2026\u2026\u2026\u2026\u2026\u2026\u2026\u2026\u2026\u2026\u2026\u2026\u2026\u2026\u2026\u2026\u2026\u2026<\/p>\n<p>Mobil:\u00a0\u00a0\u00a0\u00a0\u00a0\u00a0\u00a0\u00a0\u00a0\u00a0 \u2026\u2026\u2026\u2026\u2026\u2026\u2026\u2026\u2026\u2026\u2026\u2026\u2026\u2026\u2026\u2026\u2026\u2026\u2026\u2026\u2026\u2026\u2026\u2026\u2026\u2026\u2026\u2026<\/p>\n<p>Fax:\u00a0\u00a0\u00a0\u00a0\u00a0\u00a0\u00a0\u00a0\u00a0\u00a0\u00a0\u00a0\u00a0\u00a0 \u00a0\u00a0 \u2026\u2026\u2026\u2026\u2026\u2026\u2026\u2026\u2026\u2026\u2026\u2026\u2026\u2026\u2026\u2026\u2026\u2026\u2026\u2026\u2026\u2026\u2026\u2026\u2026\u2026&#8230;&#8230;<\/p>\n<p>&nbsp;<\/p>\n<p>Redakce:\u00a0\u00a0\u00a0\u00a0\u00a0\u00a0 \u2026\u2026\u2026\u2026\u2026\u2026\u2026\u2026\u2026\u2026\u2026\u2026\u2026\u2026\u2026\u2026\u2026\u2026\u2026\u2026\u2026\u2026\u2026\u2026\u2026\u2026\u2026\u2026<\/p>\n<p>Adresa redakce: \u2026\u2026\u2026\u2026\u2026\u2026\u2026\u2026\u2026\u2026\u2026\u2026\u2026\u2026\u2026\u2026\u2026\u2026\u2026\u2026\u2026\u2026\u2026\u2026\u2026\u2026\u2026\u2026<\/p>\n<p>E-mail:\u00a0\u00a0\u00a0\u00a0\u00a0\u00a0\u00a0\u00a0\u00a0 \u2026\u2026\u2026\u2026\u2026\u2026\u2026\u2026\u2026\u2026\u2026\u2026\u2026\u2026\u2026\u2026\u2026\u2026\u2026\u2026\u2026\u2026\u2026\u2026\u2026\u2026\u2026\u2026<\/p>\n<p>&nbsp;<\/p>\n<p>Zam\u011b\u0159en\u00ed m\u00e9 publicistick\u00e9 \u010dinnosti<\/p>\n<ul>\n<li>Automobilov\u00e1 a motocyklov\u00e1 technika<\/li>\n<li>V\u0161eobecn\u00fd motorismus<\/li>\n<li>Motoristick\u00fd sport<\/li>\n<li>Mototuristika<\/li>\n<\/ul>\n<p>&nbsp;<\/p>\n<p>Datum \u2026\u2026\u2026\u2026\u2026\u2026\u2026\u2026\u2026\u2026\u2026\u00a0\u00a0\u00a0\u00a0 \u00a0\u00a0\u00a0\u00a0\u00a0\u00a0\u00a0\u00a0\u00a0 Podpis \u2026\u2026\u2026\u2026\u2026\u2026\u2026\u2026\u2026\u2026\u2026<\/p>\n","protected":false},"excerpt":{"rendered":"<p>Jak se st\u00e1t \u010dlenem? Jednodu\u0161e &#8211; p\u0159ihl\u00e1\u0161ka je k dispozici:-) \u010clenem KMN se m\u016f\u017ee st\u00e1t&#8230;<\/p>\n","protected":false},"author":1,"featured_media":0,"parent":0,"menu_order":0,"comment_status":"closed","ping_status":"closed","template":"","meta":{"footnotes":""},"class_list":["post-42","page","type-page","status-publish","hentry"],"_links":{"self":[{"href":"https:\/\/www.klubmn.cz\/index.php?rest_route=\/wp\/v2\/pages\/42","targetHints":{"allow":["GET"]}}],"collection":[{"href":"https:\/\/www.klubmn.cz\/index.php?rest_route=\/wp\/v2\/pages"}],"about":[{"href":"https:\/\/www.klubmn.cz\/index.php?rest_route=\/wp\/v2\/types\/page"}],"author":[{"embeddable":true,"href":"https:\/\/www.klubmn.cz\/index.php?rest_route=\/wp\/v2\/users\/1"}],"replies":[{"embeddable":true,"href":"https:\/\/www.klubmn.cz\/index.php?rest_route=%2Fwp%2Fv2%2Fcomments&post=42"}],"version-history":[{"count":3,"href":"https:\/\/www.klubmn.cz\/index.php?rest_route=\/wp\/v2\/pages\/42\/revisions"}],"predecessor-version":[{"id":95,"href":"https:\/\/www.klubmn.cz\/index.php?rest_route=\/wp\/v2\/pages\/42\/revisions\/95"}],"wp:attachment":[{"href":"https:\/\/www.klubmn.cz\/index.php?rest_route=%2Fwp%2Fv2%2Fmedia&parent=42"}],"curies":[{"name":"wp","href":"https:\/\/api.w.org\/{rel}","templated":true}]}}